{"id":105,"date":"2023-09-17T21:24:16","date_gmt":"2023-09-17T19:24:16","guid":{"rendered":"https:\/\/radiointerventions.fr\/?page_id=105"},"modified":"2023-12-24T18:58:28","modified_gmt":"2023-12-24T17:58:28","slug":"hernie-discale","status":"publish","type":"page","link":"https:\/\/radiointerventions.com\/index.php\/hernie-discale\/","title":{"rendered":"Hernie discale"},"content":{"rendered":"\r\n<h2 class=\"wp-block-heading\">Hernie discale<\/h2>\r\n\r\n\r\n\r\n<p>&nbsp;<\/p>\r\n\r\n\r\n\r\n<figure class=\"wp-block-image aligncenter size-large\"><img fetchpriority=\"high\" decoding=\"async\" width=\"612\" height=\"408\" class=\"wp-image-579\" src=\"https:\/\/radiointerventions.com\/wp-content\/uploads\/2023\/10\/hernie-discale2.jpg?w=612\" alt=\"\" srcset=\"https:\/\/radiointerventions.com\/wp-content\/uploads\/2023\/10\/hernie-discale2.jpg 612w, https:\/\/radiointerventions.com\/wp-content\/uploads\/2023\/10\/hernie-discale2-300x200.jpg 300w\" sizes=\"(max-width: 612px) 100vw, 612px\" \/>\r\n<figcaption class=\"wp-element-caption\">Hernie discale sch\u00e9ma anatomique sur squelette<\/figcaption>\r\n<\/figure>\r\n\r\n\r\n\r\n<p>&nbsp;<\/p>\r\n\r\n\r\n\r\n<p>&nbsp;<\/p>\r\n\r\n\r\n\r\n<figure class=\"wp-block-image aligncenter size-large is-resized\"><img decoding=\"async\" width=\"612\" height=\"408\" class=\"wp-image-581\" style=\"width: 715px; height: auto;\" src=\"https:\/\/radiointerventions.com\/wp-content\/uploads\/2023\/10\/hernie-discale-1.jpg?w=612\" alt=\"\" srcset=\"https:\/\/radiointerventions.com\/wp-content\/uploads\/2023\/10\/hernie-discale-1.jpg 612w, https:\/\/radiointerventions.com\/wp-content\/uploads\/2023\/10\/hernie-discale-1-300x200.jpg 300w\" sizes=\"(max-width: 612px) 100vw, 612px\" \/>\r\n<figcaption class=\"wp-element-caption\">Visualisation de la compression du nerf par la hernie discale<\/figcaption>\r\n<\/figure>\r\n\r\n\r\n\r\n<p class=\"has-text-align-justify\">La hernie discale est une affection courante qui touche le dos, le plus souvent \u00e0 l&rsquo;\u00e9tage lombaire (bas du dos).<br \/>La colonne vert\u00e9brale est constitu\u00e9e de vert\u00e8bres empil\u00e9es, s\u00e9par\u00e9es par des disques. Un disque intervert\u00e9bral normal est une structure aplatie unissant les deux vert\u00e8bres et jouant un r\u00f4le d\u2019amortisseur entre elles. <br \/>Il est compos\u00e9 d\u2019un noyau central g\u00e9latineux et d\u2019un anneau p\u00e9riph\u00e9rique fibreux.<br \/>La hernie discale est caus\u00e9e par une d\u00e9chirure de la couche externe du disque<br \/>situ\u00e9 entre les vert\u00e8bres, ce qui permet au noyau interne mou de sortir et d&rsquo;exercer une pression sur un nerf, ce qui s&rsquo;accompagne \u00e9galement d&rsquo;une inflammation.<br \/>Le sympt\u00f4me le plus courant de la hernie discale lombaire est une douleur dans le bas du dos qui irradie dans la jambe (lombosciatique).<br \/>D&rsquo;autres sympt\u00f4mes peuvent \u00eatre des engourdissements, des faiblesses et des<br \/>picotements dans la jambe.<br \/>Tout effort qui augmente la pression abdominale ,et donc la pression sur le disque (toux, \u00e9ternuement\u2026) peut augmenter l&rsquo;intensit\u00e9 de la douleur. Ces douleurs sont parfois tr\u00e8s invalidantes car elles peuvent \u00eatre tr\u00e8s intenses et persistantes. Donc devenir vite handicapantes dans la vie quotidienne.<\/p>\r\n\r\n\r\n\r\n<p class=\"has-text-align-justify\">IMPORTANT : Toute hernie discale ne s&rsquo;accompagne pas forc\u00e9ment de sympt\u00f4mes et une grande partie de la population a une ou des hernies discales, sans que celles ci ne soient symptomatiques. <br \/>Un traitement ne se propose qu&rsquo;en cas de sympt\u00f4mes associ\u00e9s.<br \/>En cas de paralysie ou de crise hyperdouloureuse non soulag\u00e9e, un traitement chirurgical en urgence doit \u00eatre discut\u00e9 avec un chirurgien sp\u00e9cialis\u00e9.<\/p>\r\n\r\n\r\n\r\n<p class=\"has-text-align-justify\"><br \/>Le diagnostic est g\u00e9n\u00e9ralement pos\u00e9 \u00e0 l&rsquo;aide d&rsquo;un examen physique et de tests<br \/>d&rsquo;imagerie, tels qu&rsquo;une IRM ou un scanner.<br \/>Le traitement de la hernie discale commence g\u00e9n\u00e9ralement par des mesures conservatrices, telles que le repos, la kin\u00e9sith\u00e9rapie et les analg\u00e9siques.<br \/>Le pronostic est g\u00e9n\u00e9ralement bon, la plupart des patients voyant leurs sympt\u00f4mes<br \/>s&rsquo;am\u00e9liorer de mani\u00e8re significative gr\u00e2ce \u00e0 un traitement conservateur.<\/p>\r\n\r\n\r\n\r\n<p class=\"has-text-align-justify\">Pour autant, la hernie discale peut continuer \u00e0 \u00eatre pr\u00e9sente sans que le patient ne ressente de douleur.<br \/><br \/>Certains patients peuvent n\u00e9cessiter une intervention chirurgicale et un petit nombre d&rsquo;entre eux peuvent pr\u00e9senter des sympt\u00f4mes persistants.<\/p>\r\n\r\n\r\n\r\n<p class=\"has-text-align-justify\">Les conseils suivants sont recommand\u00e9s :<br \/>Maintenir un poids sain.<br \/>Faire de l&rsquo;exercice r\u00e9guli\u00e8rement.<br \/>\u00c9vitez de soulever des objets lourds.<br \/>Am\u00e9liorez votre posture.<br \/>Faites des pauses lorsque vous restez assis pendant de longues p\u00e9riodes.<\/p>\r\n\r\n\r\n\r\n<p class=\"has-text-align-justify\">Lorsque le traitement m\u00e9dical seul ne permet pas le soulagement des sympt\u00f4mes, une infiltration de cortico\u00efdes guid\u00e9e par imagerie peut \u00eatre r\u00e9alis\u00e9e pour tenter de diminuer les douleurs en diminuant l&rsquo;inflammation. L&rsquo;infiltration en elle m\u00eame n&rsquo;aura pas d&rsquo;impact sur l&rsquo;existence de la hernie discale.<\/p>\r\n\r\n\r\n\r\n<p class=\"has-text-align-justify\">En cas de persistance des douleurs, ou bien dans le cas o\u00f9 le patient ne r\u00e9ussirait plus \u00e0 bouger (paralysie), un traitement chirurgical peut \u00eatre envisag\u00e9 par diff\u00e9rentes techniques qui seront au mieux discut\u00e9es avec un chirurgien en consultation.<\/p>\r\n\r\n\r\n\r\n<p class=\"has-text-align-justify\">La herniectomie percutan\u00e9e est un traitement mini-invasif guid\u00e9 par imagerie, consistant en l&rsquo;al\u00e9sage et l&rsquo;aspiration de la hernie discale afin de la ramollir et de lever au mieux la compression qu&rsquo;elle r\u00e9alise sur le nerf.<br \/>Elle se d\u00e9roule le plus souvent sous anesth\u00e9sie locale et en ambulatoire ou bien lors d&rsquo;une courte hospitalisation.<br \/>Le b\u00e9n\u00e9fice attendu est de diminuer les douleurs du patient.<br \/>Les risques encourus sont principalement l&rsquo;infection, le syndrome post ponction lombaire (c\u00e9phal\u00e9es,vertiges) .<\/p>\r\n\r\n\r\n\r\n<p class=\"has-text-align-justify\">Apr\u00e8s une p\u00e9riode de repos relatif initial, il est recommand\u00e9 de suivre une r\u00e9\u00e9ducation musculaire lombaire et abdominale.<br \/>Dans le cas o\u00f9 la herniectomie percutan\u00e9e n&rsquo;aurait pas soulag\u00e9e suffisamment les douleurs, un traitement chirurgical reste possible.<\/p>\r\n\r\n\r\n\r\n<figure class=\"wp-block-image size-large\"><img decoding=\"async\" width=\"464\" height=\"521\" class=\"wp-image-434\" src=\"https:\/\/radiointerventions.files.wordpress.com\/2023\/09\/image-1.png?w=464\" alt=\"\" srcset=\"https:\/\/radiointerventions.com\/wp-content\/uploads\/2023\/09\/image-1.png 464w, https:\/\/radiointerventions.com\/wp-content\/uploads\/2023\/09\/image-1-267x300.png 267w\" sizes=\"(max-width: 464px) 100vw, 464px\" \/><\/figure>\r\n\r\n\r\n\r\n<p>&nbsp;<\/p>\r\n\r\n\r\n\r\n<p>&nbsp;<\/p>\r\n\r\n\r\n\r\n<figure class=\"wp-block-table\">\r\n<table>\r\n<tbody>\r\n<tr>\r\n<td><strong>A savoir<\/strong><br \/><strong>3 situations d\u2019urgence extr\u00eame<\/strong><br \/>Il est imp\u00e9ratif de se rendre dans un service d\u2019urgences hospitali\u00e8res dans trois cas bien pr\u00e9cis\u00a0:<br \/>Lorsqu&rsquo;on n&rsquo;arrive pas \u00e0 calmer une sciatique\u00a0: la douleur est intense et persistante et il est impossible de poser le pied par terre. A ce stade, seuls les m\u00e9dicaments morphiniques ou les perfusions d&rsquo;anti-inflammatoires administr\u00e9s en milieu hospitalier peuvent permettre d&rsquo;agir efficacement sur la douleur.<br \/>En cas de paralysie\u00a0: perte de contr\u00f4le des mouvements des pieds ou jambe qui se d\u00e9robe. Une intervention chirurgicale s&rsquo;impose afin d\u2019\u00e9viter une paralysie permanente.<br \/>En cas de troubles sphinct\u00e9riens : incontinence (pertes d&rsquo;urine, parfois de selles), mictions imp\u00e9rieuses (difficult\u00e9s \u00e0 se retenir) ou efforts de pouss\u00e9e pour uriner. Il s&rsquo;agit l\u00e0 d&rsquo;une extr\u00eame urgence et la chirurgie est le seul traitement possible. Il faut savoir qu&rsquo;une consultation trop tardive expose \u00e0 des s\u00e9quelles avec incontinence quasi permanente.<\/td>\r\n<\/tr>\r\n<\/tbody>\r\n<\/table>\r\n<figcaption class=\"wp-element-caption\"><\/figcaption>\r\n<\/figure>\r\n\r\n\r\n\r\n<p class=\"has-text-align-justify\">R\u00e9sum\u00e9:<br \/>Les vert\u00e8bres s\u2019articulent en avant \u00e0 travers le disque vert\u00e9bral, parfois une partie de ce disque peut ressortir, une saillie discale autrement appel\u00e9 hernie discale.<br \/>Elle n\u2019est pas toujours symptomatique, mais lorsqu\u2019elle vient au contact d\u2019un nerf elle peut \u00eatre \u00e0 l\u2019origine de fortes douleurs, initialement trait\u00e9es par m\u00e9dicaments puis par infiltration de cortico\u00efdes, ou bien d\u2019embl\u00e9e par chirurgie dans le cas o\u00f9 le nerf \u00e9cras\u00e9 serait \u00e0 l\u2019origine d\u2019une paralysie.<br \/>Dans le cas ou ces traitements sont insuffisants, une chirurgie peut \u00eatre propos\u00e9e pour retirer la hernie discale.<br \/>Depuis maintenant une dizaine d\u2019ann\u00e9es, une nouvelle th\u00e9rapie mini-invasive a \u00e9t\u00e9 d\u00e9velopp\u00e9e sous le nom de herniectomie\u00a0percutan\u00e9e\u00a0 correspondant \u00e0 un alesage de la hernie discale, par un abord mini invasif, mise en place d\u2019un herniatome permettant de ramollir la hernie discale et de l\u2019aspirer.<br \/>En aspirant la hernie et en la ramollissant on permet une diminution de la pression exerc\u00e9e sur le nerf et donc une diminution des sympt\u00f4mes.<br \/>En cas d\u2019\u00e9chec, un traitement chirurgical reste toujours possible.<\/p>\r\n\r\n\r\n\r\n<div class=\"wp-block-jetpack-tiled-gallery aligncenter is-style-rectangular\">\r\n<div class=\"tiled-gallery__gallery\">\r\n<div class=\"tiled-gallery__row\">\r\n<div class=\"tiled-gallery__col\" style=\"flex-basis: 63.29802%;\">\r\n<figure class=\"tiled-gallery__item\"><img decoding=\"async\" src=\"https:\/\/radiointerventions.files.wordpress.com\/2023\/03\/capture-decran-2023-03-21-a-21.37.00.png\" alt=\"\" data-height=\"596\" data-id=\"165\" data-link=\"https:\/\/radiointerventions.fr\/?attachment_id=165\" data-url=\"https:\/\/radiointerventions.files.wordpress.com\/2023\/03\/capture-decran-2023-03-21-a-21.37.00.png?w=816\" data-width=\"816\" \/><\/figure>\r\n<\/div>\r\n<div class=\"tiled-gallery__col\" style=\"flex-basis: 36.70198%;\">\r\n<figure class=\"tiled-gallery__item\"><img decoding=\"async\" src=\"https:\/\/radiointerventions.files.wordpress.com\/2023\/03\/capture-decran-2023-03-21-a-21.36.31.png\" alt=\"\" data-height=\"486\" data-id=\"162\" data-link=\"https:\/\/radiointerventions.fr\/?attachment_id=162\" data-url=\"https:\/\/radiointerventions.files.wordpress.com\/2023\/03\/capture-decran-2023-03-21-a-21.36.31.png?w=818\" data-width=\"818\" \/><\/figure>\r\n<figure class=\"tiled-gallery__item\"><img decoding=\"async\" src=\"https:\/\/radiointerventions.files.wordpress.com\/2023\/03\/capture-decran-2023-03-21-a-21.36.45.png\" alt=\"\" data-height=\"378\" data-id=\"164\" data-link=\"https:\/\/radiointerventions.fr\/?attachment_id=164\" data-url=\"https:\/\/radiointerventions.files.wordpress.com\/2023\/03\/capture-decran-2023-03-21-a-21.36.45.png?w=576\" data-width=\"576\" \/><\/figure>\r\n<\/div>\r\n<\/div>\r\n<div class=\"tiled-gallery__row\">\r\n<div class=\"tiled-gallery__col\" style=\"flex-basis: 100.00000%;\">\r\n<figure class=\"tiled-gallery__item\"><img decoding=\"async\" src=\"https:\/\/radiointerventions.files.wordpress.com\/2023\/03\/capture-decran-2023-03-21-a-21.37.10.png\" alt=\"\" data-height=\"608\" data-id=\"166\" data-link=\"https:\/\/radiointerventions.fr\/?attachment_id=166\" data-url=\"https:\/\/radiointerventions.files.wordpress.com\/2023\/03\/capture-decran-2023-03-21-a-21.37.10.png?w=740\" data-width=\"740\" \/><\/figure>\r\n<\/div>\r\n<\/div>\r\n<\/div>\r\n<\/div>\r\n\r\n\r\n\r\n<p class=\"has-text-align-justify\">Exemple d&rsquo;une hernie discale foraminale L4-L5 comprimant la racine nerveuse L5 gauche.<br \/>Herniectomie sous guidage scanner et sous scopie.<br \/>IRM avant puis apr\u00e8s intervention o\u00f9 l&rsquo;on peut voir que la hernie discale a diminu\u00e9e en taille et s&rsquo;est ramollie<\/p>\r\n\r\n\r\n\r\n<p>&nbsp;<\/p>\r\n\r\n\r\n\r\n<p><strong><em>R\u00e9f\u00e9rences Bibliographiques<\/em><\/strong><\/p>\r\n\r\n\r\n\r\n<p><a href=\"https:\/\/pubmed.ncbi.nlm.nih.gov\/33783556\/\">Herniectomie percutan\u00e9e<\/a><\/p>\r\n\r\n\r\n\r\n<p>&nbsp;<\/p>\r\n\r\n\r\n\r\n<p>&nbsp;<\/p>\r\n<p>&nbsp;<\/p>\r\n<h4 style=\"text-align: center;\"><a href=\"https:\/\/www.doctolib.fr\/radiologue\/paris\/charles-querub\"><strong>Prendre Rendez-vous<\/strong><\/a>\u00a0<\/h4>\r\n","protected":false},"excerpt":{"rendered":"<p>Hernie discale &nbsp; &nbsp; &nbsp; La hernie discale est une affection courante qui touche le dos, le plus souvent \u00e0 l&rsquo;\u00e9tage lombaire (bas du dos).La colonne vert\u00e9brale est constitu\u00e9e de vert\u00e8bres empil\u00e9es, s\u00e9par\u00e9es par des disques. Un disque intervert\u00e9bral normal est une structure aplatie unissant les deux vert\u00e8bres et jouant un r\u00f4le d\u2019amortisseur entre elles. &hellip; <a href=\"https:\/\/radiointerventions.com\/index.php\/hernie-discale\/\" class=\"more-link\">Lire la suite <span class=\"screen-reader-text\">Hernie discale<\/span><\/a><\/p>\n","protected":false},"author":1,"featured_media":0,"parent":0,"menu_order":0,"comment_status":"closed","ping_status":"closed","template":"","meta":{"footnotes":""},"aioseo_notices":[],"_links":{"self":[{"href":"https:\/\/radiointerventions.com\/index.php\/wp-json\/wp\/v2\/pages\/105"}],"collection":[{"href":"https:\/\/radiointerventions.com\/index.php\/wp-json\/wp\/v2\/pages"}],"about":[{"href":"https:\/\/radiointerventions.com\/index.php\/wp-json\/wp\/v2\/types\/page"}],"author":[{"embeddable":true,"href":"https:\/\/radiointerventions.com\/index.php\/wp-json\/wp\/v2\/users\/1"}],"replies":[{"embeddable":true,"href":"https:\/\/radiointerventions.com\/index.php\/wp-json\/wp\/v2\/comments?post=105"}],"version-history":[{"count":2,"href":"https:\/\/radiointerventions.com\/index.php\/wp-json\/wp\/v2\/pages\/105\/revisions"}],"predecessor-version":[{"id":891,"href":"https:\/\/radiointerventions.com\/index.php\/wp-json\/wp\/v2\/pages\/105\/revisions\/891"}],"wp:attachment":[{"href":"https:\/\/radiointerventions.com\/index.php\/wp-json\/wp\/v2\/media?parent=105"}],"curies":[{"name":"wp","href":"https:\/\/api.w.org\/{rel}","templated":true}]}}