{"id":113,"date":"2023-09-17T21:24:05","date_gmt":"2023-09-17T19:24:05","guid":{"rendered":"https:\/\/radiointerventions.fr\/?page_id=113"},"modified":"2025-09-11T10:16:10","modified_gmt":"2025-09-11T08:16:10","slug":"varicocele","status":"publish","type":"page","link":"https:\/\/radiointerventions.com\/index.php\/varicocele\/","title":{"rendered":"Varicoc\u00e8le"},"content":{"rendered":"\r\n<h1 class=\"wp-block-heading\">Traitement des Varicoc\u00e8les par embolisation des Varicoc\u00e8les<\/h1>\r\n\r\n\r\n\r\n<figure class=\"wp-block-image aligncenter size-large\"><img fetchpriority=\"high\" decoding=\"async\" width=\"2800\" height=\"1980\" class=\"wp-image-503\" src=\"https:\/\/radiointerventions.files.wordpress.com\/2023\/10\/varicocele.png?w=1024\" alt=\"\" srcset=\"https:\/\/radiointerventions.com\/wp-content\/uploads\/2023\/10\/varicocele.png 2800w, https:\/\/radiointerventions.com\/wp-content\/uploads\/2023\/10\/varicocele-300x212.png 300w, https:\/\/radiointerventions.com\/wp-content\/uploads\/2023\/10\/varicocele-1024x724.png 1024w, https:\/\/radiointerventions.com\/wp-content\/uploads\/2023\/10\/varicocele-768x543.png 768w, https:\/\/radiointerventions.com\/wp-content\/uploads\/2023\/10\/varicocele-1536x1086.png 1536w, https:\/\/radiointerventions.com\/wp-content\/uploads\/2023\/10\/varicocele-2048x1448.png 2048w\" sizes=\"(max-width: 2800px) 100vw, 2800px\" \/>\r\n<figcaption class=\"wp-element-caption\">Illustration d&rsquo;un varicoc\u00e8le testiculaire gauche<\/figcaption>\r\n<\/figure>\r\n\r\n\r\n\r\n<p class=\"has-text-align-justify\">La varicoc\u00e8le est une condition dans laquelle les veines du scrotum sont \u00e9largies.<br \/>La varicoc\u00e8le est une affection courante qui touche environ 15 % des hommes. Elle est caus\u00e9e par un d\u00e9faut des valves des veines, ce qui permet au sang de s&rsquo;accumuler dans les veines du scrotum. La varicoc\u00e8le peut provoquer divers sympt\u00f4mes, notamment :<br \/>-une sensation de lourdeur ou de pl\u00e9nitude dans le scrotum<br \/>-une douleur au niveau du scrotum<br \/>-une varice visible dans le scrotum<br \/>-une baisse de la fertilit\u00e9<\/p>\r\n\r\n\r\n\r\n<p class=\"has-text-align-justify\">Pour des raisons anatomiques, le c\u00f4t\u00e9 gauche est le plus souvent atteint.<br \/>Le principe du traitement de la varicoc\u00e8le est de bloquer le reflux de sang vers le testicule.<\/p>\r\n\r\n\r\n\r\n<p class=\"has-text-align-justify\"><br \/>Le diagnostic est g\u00e9n\u00e9ralement pos\u00e9 \u00e0 l&rsquo;issue d&rsquo;un examen physique ou d\u2019une<br \/>\u00e9chographie testiculaire. Le traitement de la varicoc\u00e8le d\u00e9pend de la gravit\u00e9 des<br \/>sympt\u00f4mes et du d\u00e9sir du patient d&rsquo;avoir des enfants.<br \/>La chirurgie peut \u00eatre une option pour les hommes souffrant de varicoc\u00e8le s\u00e9v\u00e8re ou souhaitant am\u00e9liorer leur fertilit\u00e9, les options de traitement chirurgical vous seront au mieux expliqu\u00e9es par votre Urologue lors d&rsquo;une consultation d\u00e9di\u00e9e.<\/p>\r\n\r\n\r\n\r\n<h1 class=\"wp-block-heading\">L&#8217;embolisation de varicoc\u00e8le est un traitement mini-invasif des varicoc\u00e8les par Radiologie Interventionnelle<\/h1>\r\n\r\n\r\n\r\n<p class=\"has-text-align-justify\">Depuis maintenant de nombreuses ann\u00e9es une alternative au traitement chirurgical a \u00e9t\u00e9 d\u00e9velopp\u00e9e en Radiologie Interventionnelle : l&#8217;embolisation .<br \/>Elle est r\u00e9alis\u00e9e par une ponction d\u2019une veine du bras ou de la cuisse, un cath\u00e9ter est introduit jusqu\u2019\u00e0 la veine testiculaire afin de pouvoir la boucher. Les r\u00e9sultats sont comparables \u00e0 ceux de la chirurgie. Une intervention chirurgicale peut \u00eatre propos\u00e9e en cas d\u2019\u00e9chec de l\u2019embolisation.<\/p>\r\n\r\n\r\n\r\n<p class=\"has-text-align-justify\">Cette intervention se d\u00e9roule en ambulatoire sous anesth\u00e9sie locale ou l\u00e9g\u00e8re s\u00e9dation.<\/p>\r\n\r\n\r\n\r\n<p>&nbsp;<\/p>\r\n\r\n\r\n\r\n<figure class=\"wp-block-image aligncenter size-large\"><img decoding=\"async\" width=\"2193\" height=\"1551\" class=\"wp-image-560\" src=\"https:\/\/radiointerventions.com\/wp-content\/uploads\/2023\/10\/varico-embolise-1-edited.png\" alt=\"\" srcset=\"https:\/\/radiointerventions.com\/wp-content\/uploads\/2023\/10\/varico-embolise-1-edited.png 2193w, https:\/\/radiointerventions.com\/wp-content\/uploads\/2023\/10\/varico-embolise-1-edited-300x212.png 300w, https:\/\/radiointerventions.com\/wp-content\/uploads\/2023\/10\/varico-embolise-1-edited-1024x724.png 1024w, https:\/\/radiointerventions.com\/wp-content\/uploads\/2023\/10\/varico-embolise-1-edited-768x543.png 768w, https:\/\/radiointerventions.com\/wp-content\/uploads\/2023\/10\/varico-embolise-1-edited-1536x1086.png 1536w, https:\/\/radiointerventions.com\/wp-content\/uploads\/2023\/10\/varico-embolise-1-edited-2048x1448.png 2048w\" sizes=\"(max-width: 2193px) 100vw, 2193px\" \/>\r\n<figcaption class=\"wp-element-caption\">Illustration d&rsquo;une embolisation de varicoc\u00e8le gauche<\/figcaption>\r\n<\/figure>\r\n\r\n\r\n\r\n<p class=\"has-text-align-justify\">En cas de varicoc\u00e8le non symptomatique sans risque d\u2019impacter la fertilit\u00e9, la surveillance est de mise.<\/p>\r\n\r\n\r\n\r\n<p>&nbsp;<\/p>\r\n\r\n\r\n\r\n<h2 class=\"wp-block-heading\">Qu\u2019est-ce que la varicoc\u00e8le?<\/h2>\r\n\r\n\r\n\r\n<p class=\"has-text-align-justify\"><strong>La varicoc\u00e8le<\/strong>\u00a0est une dilatation (varice) de la veine spermatique aboutissant \u00e0 la dilatation des veines du scrotum.<\/p>\r\n\r\n\r\n\r\n<h2 class=\"wp-block-heading\">Quels sont les sympt\u00f4mes les plus fr\u00e9quents\u00a0?<\/h2>\r\n\r\n\r\n\r\n<p class=\"has-text-align-justify\">Les sympt\u00f4mes de la varicoc\u00e8le peuvent \u00eatre:<br \/>-une sensation de lourdeur ou de pl\u00e9nitude dans le scrotum<br \/>-une douleur au niveau du scrotum<br \/>-une varice visible dans le scrotum<br \/>-une baisse de la fertilit\u00e9<\/p>\r\n\r\n\r\n\r\n<h2 class=\"wp-block-heading\">Qui est le plus susceptible d\u2019avoir des varicoc\u00e8les?<\/h2>\r\n\r\n\r\n\r\n<p class=\"has-text-align-justify\">La varicoc\u00e8le est plus fr\u00e9quente chez les hommes jeunes et au niveau du testicule gauche.<\/p>\r\n\r\n\r\n\r\n<h2 class=\"wp-block-heading\">Qu&rsquo;est ce que l\u2019embolisation de varicoc\u00e8le?<\/h2>\r\n\r\n\r\n\r\n<p class=\"has-text-align-justify\">L\u2019embolisation consiste \u00e0 boucher les veines spermatiques \u00e0 l&rsquo;origine du reflux de sang dans le scrotum. Apr\u00e8s ponction veineuse, un cath\u00e9ter est amen\u00e9 jusqu&rsquo;aux veines spermatiques puis le Radiologue depose du mat\u00e9riel afin de boucher ces veines, bloquant le reflux de sang dans le testicule et permettant une am\u00e9lioration des sympt\u00f4mes. Le sang veineux reprendra un autre trajet de drainage qui lui sera non douloureux\/ sans risque pour la fertilit\u00e9.<\/p>\r\n\r\n\r\n\r\n<h2 class=\"wp-block-heading\">Quels sont les r\u00e9sultats de l\u2019embolisation de la varicoc\u00e8le?<\/h2>\r\n\r\n\r\n\r\n<p class=\"has-text-align-justify\">L&#8217;embolisation permet une diminution des douleurs apr\u00e8s 1 \u00e0 2 semaines. Les varicoc\u00e8les vont \u00e9galement diminuer de taille, ce qui permet de diminuer la g\u00e8ne esth\u00e9tique. N\u00e9anmoins on ne retirera pas les varicoc\u00e8les en elles m\u00eame il pourra donc persister des cordons \u00e0 la palpation mais ils seront de plus petites tailles, et non douloureux. Il faut 2 \u00e0 3 mois pour avoir un plein effet sur la restauration de la cr\u00e9ation des spermatozoides. Cette restauration n\u2019est pas constante ni toujours compl\u00e8te. Il en va de m\u00eame apr\u00e8s un traitement chirurgical.<\/p>\r\n\r\n\r\n\r\n<h2 class=\"wp-block-heading\">Quels sont les risques de l\u2019embolisation de varicoc\u00e8le\u00a0?<\/h2>\r\n\r\n\r\n\r\n<p class=\"has-text-align-justify\">Les \u00e9tudes r\u00e9alis\u00e9es ont d\u00e9montr\u00e9 une grande s\u00e9curit\u00e9 du traitement. Les risques sont peu nombreux et vous seront mieux expos\u00e9s en consultation avec le Radiologue Interventionnel.<br \/>On peut dors et d\u00e9j\u00e0 citer:<br \/>&#8211; un risque d&rsquo;\u00e9chec en cas de difficult\u00e9s anatomiques <br \/>&#8211; dans de rares cas il est possible d&rsquo;exp\u00e9rimenter des douleurs testiculaires bien soulag\u00e9es par anti inflammatoires, durant 1 \u00e0 2 semaines<\/p>\r\n\r\n\r\n\r\n<h2 class=\"wp-block-heading\">Puis-je b\u00e9n\u00e9ficier d\u2019une embolisation de varicoc\u00e8le\u00a0?<\/h2>\r\n\r\n\r\n\r\n<p class=\"has-text-align-justify\">Afin de juger de l&rsquo;int\u00e9r\u00eat ou non de b\u00e9n\u00e9ficier d&rsquo;une embolisation de varicoc\u00e8le il vous faudra consulter un Radiologue Interventionnel avec une \u00e9chographie testiculaire et un spermogramme en cas de difficult\u00e9s de fertilit\u00e9.<\/p>\r\n\r\n\r\n\r\n<h2 class=\"wp-block-heading\">Comment se d\u00e9roule une embolisation de varicoc\u00e8le?<\/h2>\r\n\r\n\r\n\r\n<p class=\"has-text-align-justify\">L&#8217;embolisation de d\u00e9roule en ambulatoire, ou lors d&rsquo;une courte hospitalisation selon le patient. Apr\u00e8s anesth\u00e9sie locale au bras ou au creux inguinal, une ponction veineuse est r\u00e9alis\u00e9e. Un cath\u00e9ter est ensuite avanc\u00e9 sous guidage des rayons X jusqu&rsquo;\u00e0 la veine spermatique. Une fois le cath\u00e9ter en place, l&#8217;embolisation est r\u00e9alis\u00e9e \u00e0 l&rsquo;aide de coils ou de colle biologique ou de scl\u00e9rosant. Une fois le traitement r\u00e9alis\u00e9 le mat\u00e9riel est retir\u00e9. Une compression manuelle de 5 minutes est r\u00e9alis\u00e9e et le patient est surveill\u00e9 1h puis il peut rentrer au domicile<\/p>\r\n\r\n\r\n\r\n<h2 class=\"wp-block-heading\">Quelles sont les suites op\u00e9ratoires\u00a0?<\/h2>\r\n\r\n\r\n\r\n<p class=\"has-text-align-justify\">L&#8217;embolisation ne n\u00e9cessite pas d\u2019arr\u00eat de travail. En cas de douleurs testiculaires importante il sera possible de r\u00e9aliser un court arr\u00eat de travail adapt\u00e9 \u00e0 la situation du patient.<br \/>On conseil d&rsquo;\u00e9viter le sport et surtout l&rsquo;activit\u00e9 sexuel dans les 10 jours suivants l&#8217;embolisation.Il est possible d&rsquo;exp\u00e9rimenter des sensations de g\u00e8ne dans le ventre ou le dos correspondant \u00e0 la redistribution du retour veineux. Ces douleurs rentrent dans l&rsquo;ordre spontan\u00e9ment. En cas d&rsquo;inflammation r\u00e9actionnelle du testicule, cette inflammation ne comporte pas de risque pour la fonction du testicule, mais elle sera au mieux trait\u00e9e par des anti inflammatoires. En cas d&rsquo;autre probl\u00e8me, n&rsquo;h\u00e9sitez pas \u00e0 contacter votre m\u00e9decin.<\/p>\r\n\r\n\r\n\r\n<p>&nbsp;<\/p>\r\n\r\n\r\n\r\n<p><strong><em>R\u00e9f\u00e9rences Bibliographiques<\/em><\/strong><\/p>\r\n\r\n\r\n\r\n<p><a href=\"https:\/\/pubmed.ncbi.nlm.nih.gov\/28865535\/\">Traitements des varicoc\u00e8les<\/a><\/p>\r\n\r\n\r\n\r\n<p>&nbsp;<\/p>\r\n\r\n\r\n\r\n<p>&nbsp;<\/p>\r\n<p>&nbsp;<\/p>\r\n<h4 style=\"text-align: center;\"><a href=\"https:\/\/www.doctolib.fr\/radiologue\/paris\/charles-querub\"><strong>Prendre Rendez-vous<\/strong><\/a>\u00a0<\/h4>\r\n","protected":false},"excerpt":{"rendered":"<p>Traitement des Varicoc\u00e8les par embolisation des Varicoc\u00e8les La varicoc\u00e8le est une condition dans laquelle les veines du scrotum sont \u00e9largies.La varicoc\u00e8le est une affection courante qui touche environ 15 % des hommes. Elle est caus\u00e9e par un d\u00e9faut des valves des veines, ce qui permet au sang de s&rsquo;accumuler dans les veines du scrotum. La &hellip; <a href=\"https:\/\/radiointerventions.com\/index.php\/varicocele\/\" class=\"more-link\">Lire la suite <span class=\"screen-reader-text\">Varicoc\u00e8le<\/span><\/a><\/p>\n","protected":false},"author":1,"featured_media":0,"parent":0,"menu_order":0,"comment_status":"closed","ping_status":"closed","template":"","meta":{"footnotes":""},"aioseo_notices":[],"_links":{"self":[{"href":"https:\/\/radiointerventions.com\/index.php\/wp-json\/wp\/v2\/pages\/113"}],"collection":[{"href":"https:\/\/radiointerventions.com\/index.php\/wp-json\/wp\/v2\/pages"}],"about":[{"href":"https:\/\/radiointerventions.com\/index.php\/wp-json\/wp\/v2\/types\/page"}],"author":[{"embeddable":true,"href":"https:\/\/radiointerventions.com\/index.php\/wp-json\/wp\/v2\/users\/1"}],"replies":[{"embeddable":true,"href":"https:\/\/radiointerventions.com\/index.php\/wp-json\/wp\/v2\/comments?post=113"}],"version-history":[{"count":6,"href":"https:\/\/radiointerventions.com\/index.php\/wp-json\/wp\/v2\/pages\/113\/revisions"}],"predecessor-version":[{"id":1036,"href":"https:\/\/radiointerventions.com\/index.php\/wp-json\/wp\/v2\/pages\/113\/revisions\/1036"}],"wp:attachment":[{"href":"https:\/\/radiointerventions.com\/index.php\/wp-json\/wp\/v2\/media?parent=113"}],"curies":[{"name":"wp","href":"https:\/\/api.w.org\/{rel}","templated":true}]}}