{"id":117,"date":"2023-09-17T21:23:55","date_gmt":"2023-09-17T19:23:55","guid":{"rendered":"https:\/\/radiointerventions.fr\/?page_id=117"},"modified":"2023-12-24T18:52:13","modified_gmt":"2023-12-24T17:52:13","slug":"cancer-du-rein","status":"publish","type":"page","link":"https:\/\/radiointerventions.com\/index.php\/cancer-du-rein\/","title":{"rendered":"Cancer du rein"},"content":{"rendered":"\r\n<h2 class=\"wp-block-heading\">Cancer du rein<\/h2>\r\n\r\n\r\n\r\n<p class=\"has-text-align-justify\">Le cancer du rein peut passer longtemps inapercu. Lorsque diagnostiqu\u00e9 \u00e0 un stade pr\u00e9coce et de petite taille (&lt;4cm), il peut \u00eatre trait\u00e9 par destruction percutan\u00e9e ou encore par chirurgie par n\u00e9phrectomie partielle.<br \/>La Destruction Tumorale Percutan\u00e9e (DTP) permet de limiter le risque de saignement et se d\u00e9roule lors d\u2019une courte hospitalisation.<\/p>\r\n\r\n\r\n\r\n<h2 class=\"wp-block-heading\">Quels sont les risques de la destruction tumorale percutanee du rein ?<\/h2>\r\n\r\n\r\n\r\n<p class=\"has-text-align-justify\">De nombreuses \u00e9tudes se sont pench\u00e9es sur la question. La DTP a \u00e9t\u00e9 prouv\u00e9e comme sure, avec peu de complication.Toutefois, comme toute intervention, il existe des risques li\u00e9s \u00e0 la proc\u00e9dure.<br \/>Ceux-ci vous seront au mieux expliqu\u00e9s par votre radiologue interventionnel lors de votre consultation. Le pourcentage de complications est plus faible que celui de la chirurgie .<br \/>A titre d\u2019information les principaux risques sont :<br \/>-le saignement<br \/>-l&rsquo;infection<br \/>-la persistance de maladie autour de la zone de destruction, \u00e0 l&rsquo;origine d&rsquo;un traitement incomplet<\/p>\r\n\r\n\r\n\r\n<p>&nbsp;<\/p>\r\n\r\n\r\n\r\n<h2 class=\"wp-block-heading\">Puis-je b\u00e9n\u00e9ficier d\u2019une destruction percutanee de mon cancer du rein?<\/h2>\r\n\r\n\r\n\r\n<p class=\"has-text-align-justify\">Afin de pouvoir savoir si vous pouvez b\u00e9n\u00e9ficier d\u2019une DTP, il vous faudra consulter un radiologue interventionnel avec un bilan complet comprenant un scanner.<\/p>\r\n\r\n\r\n\r\n<h2 class=\"wp-block-heading\">Comment se d\u00e9roule une DTP de rein ?<\/h2>\r\n\r\n\r\n\r\n<p class=\"has-text-align-justify\">L\u2019intervention peut se pratiquer lors d\u2019une courte hospitalisation selon les patients.<br \/>L\u2019intervention se r\u00e9alise sous anesth\u00e9sie g\u00e9n\u00e9rale.<br \/>La dur\u00e9e moyenne d\u2019une intervention se situe entre 1h et 2h.<br \/>Apr\u00e8s avoir mise en place la sonde traitement dans la tumeur sous guidage de l&rsquo;imagerie, le traitement par chaleur ou par froid est d\u00e9but\u00e9.<br \/>Une fois le traitement termin\u00e9, le mat\u00e9riel est r\u00e9tir\u00e9 et le trou est ferm\u00e9 par pansement ou fils de suture si n\u00e9cessaire.<\/p>\r\n\r\n\r\n\r\n<h2 class=\"wp-block-heading\">Quelles sont les suites op\u00e9ratoires\u00a0?<\/h2>\r\n\r\n\r\n\r\n<p class=\"has-text-align-justify\">Dans la tr\u00e8s grande majorit\u00e9 des cas le patient peut rentr\u00e9 au domicile le lendemain de l&rsquo;intervention. Il est possible de ressentir quelques douleurs lombaires dans les jours suivants le traitement, mais ces douleurs ne contre indiquent pas la reprise de l&rsquo;activit\u00e9.<\/p>\r\n\r\n\r\n\r\n<p class=\"has-text-align-justify\">Votre suivi sera assur\u00e9 notamment par la r\u00e9alisation d&rsquo;un scanner de contr\u00f4le pour v\u00e9rifier la destruction totale du cancer, et l&rsquo;absence de r\u00e9cidive.<\/p>\r\n\r\n\r\n\r\n<p class=\"has-text-align-justify\">Bien entendu en cas de probl\u00e8me ou d\u2019inqui\u00e9tude, n\u2019h\u00e9sitez pas \u00e0 contacter le m\u00e9decin qui vous aura pris en charge.<\/p>\r\n\r\n\r\n\r\n<p>&nbsp;<\/p>\r\n<p>&nbsp;<\/p>\r\n<h4 style=\"text-align: center;\"><a href=\"https:\/\/www.doctolib.fr\/radiologue\/paris\/charles-querub\"><strong>Prendre Rendez-vous<\/strong><\/a>\u00a0<\/h4>\r\n","protected":false},"excerpt":{"rendered":"<p>Cancer du rein Le cancer du rein peut passer longtemps inapercu. Lorsque diagnostiqu\u00e9 \u00e0 un stade pr\u00e9coce et de petite taille (&lt;4cm), il peut \u00eatre trait\u00e9 par destruction percutan\u00e9e ou encore par chirurgie par n\u00e9phrectomie partielle.La Destruction Tumorale Percutan\u00e9e (DTP) permet de limiter le risque de saignement et se d\u00e9roule lors d\u2019une courte hospitalisation. Quels &hellip; <a href=\"https:\/\/radiointerventions.com\/index.php\/cancer-du-rein\/\" class=\"more-link\">Lire la suite <span class=\"screen-reader-text\">Cancer du rein<\/span><\/a><\/p>\n","protected":false},"author":1,"featured_media":0,"parent":0,"menu_order":0,"comment_status":"closed","ping_status":"closed","template":"","meta":{"footnotes":""},"aioseo_notices":[],"_links":{"self":[{"href":"https:\/\/radiointerventions.com\/index.php\/wp-json\/wp\/v2\/pages\/117"}],"collection":[{"href":"https:\/\/radiointerventions.com\/index.php\/wp-json\/wp\/v2\/pages"}],"about":[{"href":"https:\/\/radiointerventions.com\/index.php\/wp-json\/wp\/v2\/types\/page"}],"author":[{"embeddable":true,"href":"https:\/\/radiointerventions.com\/index.php\/wp-json\/wp\/v2\/users\/1"}],"replies":[{"embeddable":true,"href":"https:\/\/radiointerventions.com\/index.php\/wp-json\/wp\/v2\/comments?post=117"}],"version-history":[{"count":2,"href":"https:\/\/radiointerventions.com\/index.php\/wp-json\/wp\/v2\/pages\/117\/revisions"}],"predecessor-version":[{"id":883,"href":"https:\/\/radiointerventions.com\/index.php\/wp-json\/wp\/v2\/pages\/117\/revisions\/883"}],"wp:attachment":[{"href":"https:\/\/radiointerventions.com\/index.php\/wp-json\/wp\/v2\/media?parent=117"}],"curies":[{"name":"wp","href":"https:\/\/api.w.org\/{rel}","templated":true}]}}