{"id":18,"date":"2023-03-20T18:48:03","date_gmt":"2023-03-20T17:48:03","guid":{"rendered":"https:\/\/radiointerventions.fr\/?page_id=18"},"modified":"2023-03-20T18:48:03","modified_gmt":"2023-03-20T17:48:03","slug":"presentation","status":"publish","type":"page","link":"https:\/\/radiointerventions.com\/index.php\/presentation\/","title":{"rendered":"Pr\u00e9sentation"},"content":{"rendered":"\n<h1 class=\"wp-block-heading\">Dr Charles querub<\/h1>\n\n\n<div class=\"wp-block-image is-style-rounded\">\n<figure class=\"aligncenter size-large is-resized\"><img decoding=\"async\" src=\"https:\/\/radiointerventions.com\/wp-content\/uploads\/2023\/10\/photo-cq-couleur-1-1.jpg?w=1024\" alt=\"\" class=\"wp-image-643\" style=\"width:287px;height:auto\" \/><\/figure><\/div>\n\n\n<p class=\"has-text-align-justify\">Le Dr Charles QUERUB est Radiologue Interventionnel.<\/p>\n\n\n\n<p class=\"has-text-align-justify\">Apr\u00e8s avoir entam\u00e9 une formation de Chirurgie g\u00e9n\u00e9rale osseuse \u00e0 Paris, il s&rsquo;est ensuite converti \u00e0 des m\u00e9thodes de traitements par voie mini-invasive, la Radiologie Interventionnelle.<\/p>\n\n\n\n<p class=\"has-text-align-justify\">Apr\u00e8s avoir termin\u00e9 son internat, il pr\u00e9sente sa th\u00e8se sur l&rsquo;enseignement par simulation en Radiologie Interventionnelle, r\u00e9compens\u00e9e par m\u00e9daille d&rsquo;argent.<br>Soucieux de toujours am\u00e9liorer sa pratique, il r\u00e9alise un master 2 en sciences techniques chirurgicales et nouvelles th\u00e9rapies interventionnelles.<br>Il perfectionne ensuite sa formation dans un centre de r\u00e9f\u00e9rence en Radiologie Interventionnelle, le service du Pr SAPOVAL \u00e0 l&rsquo;H\u00f4pital Europ\u00e9en Georges Pompidou dans le 15 \u00e8me arrondissements de Paris.<\/p>\n\n\n\n<p class=\"has-text-align-justify\">Il y r\u00e9alise des embolisations pelviennes (fibromes ut\u00e9rins, prostate, varicoc\u00e8le, h\u00e9morro\u00efdes), et y d\u00e9veloppe \u00e9galement le traitement de maladies ost\u00e9oarticulaires (hernie discale, arthrose, \u00e9picondylite).<br>Apr\u00e8s avoir termin\u00e9 son Clinicat il poursuit une activit\u00e9 mixte \u00e0 l&rsquo;Institut Mutualiste Montsouris et \u00e0 la Clinique Labrouste.<\/p>\n\n\n\n<h4 class=\"wp-block-heading\"><strong>Participation \u00e0 des congr\u00e8s internationaux :<\/strong><\/h4>\n\n\n\n<p class=\"has-text-align-justify\">&#8211; Global Embolization Symposium and Technologies 2018 : Evaluation d&rsquo;une session d&rsquo;enseignement d&#8217;embolisation de la prostate par usage de la simulation<br>&#8211; Global Embolization Symposium and Technologies Musculoskeletal 2023 \u00e0 Paris : Pr\u00e9sentation de cas d&#8217;embolisations musculosquelettiques<br>&#8211; Tunisian Interventional Radiology Association 2022 \u00e0 Tunis: Premi\u00e8re exp\u00e9rience en embolisation articulaire avec du lipiodol&nbsp;&nbsp;<br>&#8211; GEST 2023 \u00e0 NEW YORK : Choix du mat\u00e9riel d&#8217;embolisation en embolisation musculosquelettique<\/p>\n\n\n\n<h4 class=\"wp-block-heading\"><strong>Publications d&rsquo;articles dans des revues et journaux internationaux:<\/strong><\/h4>\n\n\n\n<p class=\"has-text-align-justify\"><a class=\"docsum-title\" href=\"https:\/\/pubmed.ncbi.nlm.nih.gov\/36889842\/\">&#8211; Embolic Decision Making in Musculoskeletal Embolization.&nbsp;&nbsp;<\/a><span class=\"docsum-journal-citation full-journal-citation\">Tech Vasc Interv Radiol.<\/span> 2023 <br><span class=\"docsum-authors full-authors\"><b>Querub C<\/b>, Ahmar MA, Boeken T, Gaeta AD, Pellerin O, Sapoval M.<\/span><\/p>\n\n\n\n<p class=\"has-text-align-justify\">&#8211;<a class=\"docsum-title\" href=\"https:\/\/pubmed.ncbi.nlm.nih.gov\/36801097\/\"> Long-term outcomes of prostate artery embolization for acute urinary retention: An analysis of 88 patients.&nbsp; &nbsp;<\/a><span class=\"docsum-journal-citation full-journal-citation\">Diagn Interv Imaging<\/span> 2023<br><span class=\"docsum-authors full-authors\">Marchi A, Pellerin O, <b>Querub C<\/b>, Ahmar MA, Gaeta AD, D\u00e9an C, Meria P, Thiounn N, Sapoval M, Boeken T.<\/span><\/p>\n\n\n\n<p class=\"has-text-align-justify\">&#8211;<a class=\"docsum-title\" href=\"https:\/\/pubmed.ncbi.nlm.nih.gov\/37029235\/\">Benefits of Repeat Prostatic Artery Embolization on Persistent or Recurrent Lower Urinary Tract Symptoms in Patients with Benign Prostatic Hyperplasia. &nbsp;<\/a><span class=\"docsum-journal-citation full-journal-citation\">Cardiovasc Intervent Radiol<\/span> 2023<br><span class=\"docsum-authors full-authors\">Lehrer R, Sapoval M, Di Gaeta A, <b>Querub C<\/b>, Al Ahmar M, Dean C, Pellerin O, Boeken T.<\/span><\/p>\n\n\n\n<p class=\"has-text-align-justify\">&#8211;<a class=\"docsum-title\" href=\"https:\/\/pubmed.ncbi.nlm.nih.gov\/37835422\/\">Exploring a Novel Technique to Tackle the Shortage of Devices for Hepatic Arterial Infusion Chemotherapy: Early Results of an Alternate Approach for Percutaneous Arterial Port Catheter Placement. &nbsp;<\/a><span class=\"docsum-journal-citation full-journal-citation\">Cancers (Basel). 2023 <br><\/span><span class=\"docsum-authors full-authors\">Kedra A, Boeken T, Di Gaeta A, <b>Querub C<\/b>, Al Ahmar M, D\u00e9an C, Sapoval M, Pellerin O.<\/span><\/p>\n\n\n\n<ul class=\"wp-block-social-links is-layout-flex wp-block-social-links-is-layout-flex\"><li class=\"wp-social-link wp-social-link-linkedin  wp-block-social-link\"><a href=\"https:\/\/fr.linkedin.com\/in\/charles-querub-6794bba5\" class=\"wp-block-social-link-anchor\"><svg width=\"24\" height=\"24\" viewBox=\"0 0 24 24\" version=\"1.1\" xmlns=\"http:\/\/www.w3.org\/2000\/svg\" aria-hidden=\"true\" focusable=\"false\"><path d=\"M19.7,3H4.3C3.582,3,3,3.582,3,4.3v15.4C3,20.418,3.582,21,4.3,21h15.4c0.718,0,1.3-0.582,1.3-1.3V4.3 C21,3.582,20.418,3,19.7,3z M8.339,18.338H5.667v-8.59h2.672V18.338z M7.004,8.574c-0.857,0-1.549-0.694-1.549-1.548 c0-0.855,0.691-1.548,1.549-1.548c0.854,0,1.547,0.694,1.547,1.548C8.551,7.881,7.858,8.574,7.004,8.574z M18.339,18.338h-2.669 v-4.177c0-0.996-0.017-2.278-1.387-2.278c-1.389,0-1.601,1.086-1.601,2.206v4.249h-2.667v-8.59h2.559v1.174h0.037 c0.356-0.675,1.227-1.387,2.526-1.387c2.703,0,3.203,1.779,3.203,4.092V18.338z\"><\/path><\/svg><span class=\"wp-block-social-link-label screen-reader-text\">LinkedIn<\/span><\/a><\/li><\/ul>\n","protected":false},"excerpt":{"rendered":"<p>Dr Charles querub Le Dr Charles QUERUB est Radiologue Interventionnel. Apr\u00e8s avoir entam\u00e9 une formation de Chirurgie g\u00e9n\u00e9rale osseuse \u00e0 Paris, il s&rsquo;est ensuite converti \u00e0 des m\u00e9thodes de traitements par voie mini-invasive, la Radiologie Interventionnelle. Apr\u00e8s avoir termin\u00e9 son internat, il pr\u00e9sente sa th\u00e8se sur l&rsquo;enseignement par simulation en Radiologie Interventionnelle, r\u00e9compens\u00e9e par m\u00e9daille &hellip; <a href=\"https:\/\/radiointerventions.com\/index.php\/presentation\/\" class=\"more-link\">Lire la suite <span class=\"screen-reader-text\">Pr\u00e9sentation<\/span><\/a><\/p>\n","protected":false},"author":1,"featured_media":0,"parent":0,"menu_order":0,"comment_status":"closed","ping_status":"closed","template":"","meta":{"footnotes":""},"aioseo_notices":[],"_links":{"self":[{"href":"https:\/\/radiointerventions.com\/index.php\/wp-json\/wp\/v2\/pages\/18"}],"collection":[{"href":"https:\/\/radiointerventions.com\/index.php\/wp-json\/wp\/v2\/pages"}],"about":[{"href":"https:\/\/radiointerventions.com\/index.php\/wp-json\/wp\/v2\/types\/page"}],"author":[{"embeddable":true,"href":"https:\/\/radiointerventions.com\/index.php\/wp-json\/wp\/v2\/users\/1"}],"replies":[{"embeddable":true,"href":"https:\/\/radiointerventions.com\/index.php\/wp-json\/wp\/v2\/comments?post=18"}],"version-history":[{"count":1,"href":"https:\/\/radiointerventions.com\/index.php\/wp-json\/wp\/v2\/pages\/18\/revisions"}],"predecessor-version":[{"id":877,"href":"https:\/\/radiointerventions.com\/index.php\/wp-json\/wp\/v2\/pages\/18\/revisions\/877"}],"wp:attachment":[{"href":"https:\/\/radiointerventions.com\/index.php\/wp-json\/wp\/v2\/media?parent=18"}],"curies":[{"name":"wp","href":"https:\/\/api.w.org\/{rel}","templated":true}]}}