{"id":99,"date":"2023-09-17T21:24:14","date_gmt":"2023-09-17T19:24:14","guid":{"rendered":"https:\/\/radiointerventions.fr\/?page_id=99"},"modified":"2025-09-11T10:01:37","modified_gmt":"2025-09-11T08:01:37","slug":"arthrose","status":"publish","type":"page","link":"https:\/\/radiointerventions.com\/index.php\/arthrose\/","title":{"rendered":"Arthrose de genou"},"content":{"rendered":"\r\n<h1 class=\"wp-block-heading\">Arthrose de genou, ses traitements mini-invasifs (embolisation de genou , d\u00e9nervation de genou)<\/h1>\r\n\r\n\r\n\r\n<figure class=\"wp-block-image aligncenter size-large\"><img fetchpriority=\"high\" decoding=\"async\" width=\"2800\" height=\"1980\" class=\"wp-image-498\" src=\"https:\/\/radiointerventions.files.wordpress.com\/2023\/10\/gonarthrose-1.png?w=1024\" alt=\"\" srcset=\"https:\/\/radiointerventions.com\/wp-content\/uploads\/2023\/10\/gonarthrose-1.png 2800w, https:\/\/radiointerventions.com\/wp-content\/uploads\/2023\/10\/gonarthrose-1-300x212.png 300w, https:\/\/radiointerventions.com\/wp-content\/uploads\/2023\/10\/gonarthrose-1-1024x724.png 1024w, https:\/\/radiointerventions.com\/wp-content\/uploads\/2023\/10\/gonarthrose-1-768x543.png 768w, https:\/\/radiointerventions.com\/wp-content\/uploads\/2023\/10\/gonarthrose-1-1536x1086.png 1536w, https:\/\/radiointerventions.com\/wp-content\/uploads\/2023\/10\/gonarthrose-1-2048x1448.png 2048w\" sizes=\"(max-width: 2800px) 100vw, 2800px\" \/>\r\n<figcaption class=\"wp-element-caption\">Illustration d&rsquo;un Genou normal \u00e0 gauche, et d&rsquo;une Arthrose de genou f\u00e9moro-tibiale interne \u00e0 droite<\/figcaption>\r\n<\/figure>\r\n\r\n\r\n\r\n<p class=\"has-text-align-justify\">L&rsquo;arthrose correspond \u00e0 l\u2019usure du cartilage \u00e0 l\u2019interface entre 2 os.<br \/>Elle peut \u00eatre \u00e0 l\u2019origine de douleur lors de la mobilisation en raison de la mise en contact direct avec l\u2019os, ou encore de part une composante inflammatoire.<\/p>\r\n\r\n\r\n\r\n<p>&nbsp;<\/p>\r\n\r\n\r\n\r\n<p class=\"has-text-align-justify\"><br \/>Le traitement m\u00e9dical repose sur des mesures d&rsquo;hygi\u00e8ne de vie (perte de poids lorsqu&rsquo;elle est envisgeable&#8230;) et peut comprendre la prise de m\u00e9dicaments, les infiltrations, la kin\u00e9sith\u00e9rapie&#8230;<br \/>En cas d\u2019\u00e9chec du traitement m\u00e9dical, un traitement chirurgical peut \u00eatre propos\u00e9 et vous sera au mieux pr\u00e9cis\u00e9 lors d&rsquo;une consultation avec un chirurgien sp\u00e9cialis\u00e9, le plus souvent par mise de proth\u00e8se articulaire (remplacement de l\u2019articulation), ou par arthrod\u00e8se (fixation de l\u2019articulation malade).<br \/><br \/>L\u2019infiltration consiste \u00e0 injecter des traitements au sein de l\u2019articulation malade (corticoides, Plasma Riche en Plaquettes, Viscosuppl\u00e9mentation\u2026)<\/p>\r\n\r\n\r\n\r\n<h1 class=\"wp-block-heading\">L&#8217;embolisation de genou est un traitement mini-invasif de l&rsquo;arthrose de genou par Radiologie Interventionnelle<\/h1>\r\n\r\n\r\n\r\n<p class=\"has-text-align-justify\"><br \/>Tr\u00e8s r\u00e9cemment, d\u00e9veloppement d\u2019une nouvelle strategie th\u00e9rapeutique par embolisation des art\u00e8res vascularisant l\u2019articulation. La composante inflammatoire \u00e9tant alors cibl\u00e9e par embolisation des art\u00e8res vascularisant le tissu inflamm\u00e9. L&#8217;embolisation reste un traitement innovant de l&rsquo;arthrose, pour lequel nous avons encore peu de recul. Elle est principalement propos\u00e9e pour le traitement de l&rsquo;arthrose du genou.<\/p>\r\n\r\n\r\n\r\n<div class=\"wp-block-jetpack-tiled-gallery aligncenter is-style-rectangular\">\r\n<div class=\"tiled-gallery__gallery\">\r\n<div class=\"tiled-gallery__row\">\r\n<div class=\"tiled-gallery__col\" style=\"flex-basis: 34.37415%;\">\r\n<figure class=\"tiled-gallery__item\"><img decoding=\"async\" src=\"https:\/\/radiointerventions.files.wordpress.com\/2023\/03\/capture-decran-2023-03-21-a-21.41.57.png\" alt=\"\" data-height=\"432\" data-id=\"172\" data-link=\"https:\/\/radiointerventions.fr\/?attachment_id=172\" data-url=\"https:\/\/radiointerventions.files.wordpress.com\/2023\/03\/capture-decran-2023-03-21-a-21.41.57.png?w=252\" data-width=\"252\" \/><\/figure>\r\n<\/div>\r\n<div class=\"tiled-gallery__col\" style=\"flex-basis: 32.38224%;\">\r\n<figure class=\"tiled-gallery__item\"><img decoding=\"async\" src=\"https:\/\/radiointerventions.files.wordpress.com\/2023\/03\/capture-decran-2023-03-21-a-21.42.05.png\" alt=\"\" data-height=\"546\" data-id=\"171\" data-link=\"https:\/\/radiointerventions.fr\/?attachment_id=171\" data-url=\"https:\/\/radiointerventions.files.wordpress.com\/2023\/03\/capture-decran-2023-03-21-a-21.42.05.png?w=300\" data-width=\"300\" \/><\/figure>\r\n<\/div>\r\n<div class=\"tiled-gallery__col\" style=\"flex-basis: 33.24361%;\">\r\n<figure class=\"tiled-gallery__item\"><img decoding=\"async\" src=\"https:\/\/radiointerventions.files.wordpress.com\/2023\/03\/capture-decran-2023-03-21-a-21.42.17.png\" alt=\"\" data-height=\"546\" data-id=\"170\" data-link=\"https:\/\/radiointerventions.fr\/?attachment_id=170\" data-url=\"https:\/\/radiointerventions.files.wordpress.com\/2023\/03\/capture-decran-2023-03-21-a-21.42.17.png?w=308\" data-width=\"308\" \/><\/figure>\r\n<\/div>\r\n<\/div>\r\n<\/div>\r\n<\/div>\r\n\r\n\r\n\r\n<p class=\"has-text-align-justify\">Exemple d&#8217;embolisation d&rsquo;arthrose de genou.<br \/>Apr\u00e8s injection de produit de contaste dans l&rsquo;art\u00e8re f\u00e9morale, on peut se guider pour aller ensuite emboliser les art\u00e8res \u00e0 l&rsquo;origine de l&rsquo;inflammation.<\/p>\r\n\r\n\r\n\r\n<h2 class=\"wp-block-heading\">Qu\u2019est-ce que l\u2019arthrose du genou (gonarthrose) ?<\/h2>\r\n\r\n\r\n\r\n<p class=\"has-text-align-justify\">L\u2019arthrose du genou est une usure du cartilage \u00e0 la jonction entre les os du genou.<br \/>L&rsquo;usure de ce cartilage n&rsquo;est pas forc\u00e9ment accompagn\u00e9 de sympt\u00f4mes.<\/p>\r\n\r\n\r\n\r\n<p class=\"has-text-align-justify\">Les traitements recommand\u00e9s pour la prise en charge de la maladie sont <br \/>-Des mesures d\u2019hygi\u00e8ne de vie (perte de poids, renforcement musculaire)<br \/>-les m\u00e9dicaments antidouleurs <br \/>-les infiltrations <br \/>-la kin\u00e9sith\u00e9rapie. <br \/>En cas de persistance des sympt\u00f4mes un traitement par chirurgie doit \u00eatre discut\u00e9 avec un chirurgien sp\u00e9cialit\u00e9.<br \/><br \/>\u00c0 ce jour, l\u2019embolisation est propos\u00e9e pour les patients en \u00e9chec du traitement m\u00e9dical et soit non \u00e9ligible soit refusant le traitement chirurgical.<\/p>\r\n\r\n\r\n\r\n<h2 class=\"wp-block-heading\">Qu&rsquo;est ce que l\u2019embolisation de l\u2019arthrose du genou ?<\/h2>\r\n\r\n\r\n\r\n<p class=\"has-text-align-justify\">La douleur de l&rsquo;arthrose de genou contient en partie une composante inflammatoire.<br \/>L&rsquo;objectif de l&#8217;embolisation est de diminuer l&rsquo;inflammation en traitant les vaisseaux apportant le sang aux zones inflamm\u00e9es hypervascularis\u00e9es.<\/p>\r\n\r\n\r\n\r\n<p class=\"has-text-align-justify\">L\u2019embolisation est r\u00e9alis\u00e9 sous anesth\u00e9sie locale ou l\u00e9g\u00e8re s\u00e9dation, en ambulatoire ou lors d&rsquo;une courte hospitalisation. Apr\u00e8s ponction art\u00e9rielle au pli de l&rsquo;aine, un cath\u00e9ter est ins\u00e9r\u00e9 sous guidage par rayons X, puis les art\u00e8res vascularisant les zones inflammatoires pathologiques sont embolis\u00e9es (boucher) afin de diminuer l&rsquo;inflammation et donc le ressenti douloureux.<\/p>\r\n\r\n\r\n\r\n<h2 class=\"wp-block-heading\">Quels sont les r\u00e9sultats de l\u2019embolisation de l\u2019arthrose du genou\u00a0?<\/h2>\r\n\r\n\r\n\r\n<p class=\"has-text-align-justify\">L\u2019embolisation pour gonarthrose est un traitement innovant, dont les effets b\u00e9n\u00e9fiques ont \u00e9t\u00e9 rapport\u00e9s initialement par une \u00e9quipe Japonaise (Dr OKUNO). Plusieurs \u00e9tudes ont \u00e9t\u00e9 r\u00e9alis\u00e9es dans d&rsquo;autres \u00e9quipes en Europe, Asie et aux Etats Unis et ont confirm\u00e9 sa bonne s\u00e9curit\u00e9. La douleur est en moyenne divis\u00e9e par 2. 80% des patients obtiennent une diminution de leur sympt\u00f4mes. En cas de persistance de douleurs, l&#8217;embolisation ne coupe aucunement la possibilit\u00e9 de r\u00e9aliser un traitement chirurgical.<\/p>\r\n\r\n\r\n\r\n<h2 class=\"wp-block-heading\">Quels sont les risques de l\u2019embolisation de l\u2019arthrose du genou\u00a0?<\/h2>\r\n\r\n\r\n\r\n<p>Plusieurs \u00e9tudes ont maintenant permis d&rsquo;affirmer la bonne s\u00e9curit\u00e9 du traitement.<br \/>Les possibles complications vous seront au mieux pr\u00e9ciser en consultation avec votre Radiologue Interventionnel.<\/p>\r\n\r\n\r\n\r\n<p class=\"has-text-align-justify\">A titre d&rsquo;exemple on peut dors et d\u00e9j\u00e0 citer:<br \/>-la complication au point de ponction art\u00e9rielle (h\u00e9matome, thrombose)<br \/>-la survenue de plaque cutan\u00e9es rouges transitoire pouvant persister jusqu&rsquo;\u00e0 4 semaines.<\/p>\r\n\r\n\r\n\r\n<h2 class=\"wp-block-heading\">Puis je b\u00e9n\u00e9ficier d&rsquo;une embolisation pour mon arthrose de genou?<\/h2>\r\n\r\n\r\n\r\n<p class=\"has-text-align-justify\">Afin de r\u00e9pondre au mieux \u00e0 la question il vous faudra voir en consultation un Radiologue Interventionnel. Id\u00e9alement il faudra avoir d\u00e9j\u00e0 eu un traitement m\u00e9dical optimal effectu\u00e9 au d\u00e9cours d&rsquo;une consultation avec un rhumatologue ou d&rsquo;un m\u00e9decin g\u00e9n\u00e9raliste. Un bilan complet de votre genou comprenant des radiographies et une IRM<\/p>\r\n\r\n\r\n\r\n<h2 class=\"wp-block-heading\">Comment se d\u00e9roule une embolisation d\u2019arthrose du genou\u00a0?<\/h2>\r\n\r\n\r\n\r\n<p class=\"has-text-align-justify\">L&#8217;embolisation peut se d\u00e9rouler sous anesth\u00e9sie locale ou l\u00e9g\u00e8re s\u00e9dation. Apr\u00e8s ponction art\u00e9rielle au pli de l&rsquo;aine, un cath\u00e9ter est introduit dans l&rsquo;art\u00e8re f\u00e9morale et guid\u00e9 sous rayons X pour aller jusqu&rsquo;aux art\u00e8res vascularisant les zones inflamm\u00e9es. Une fois en place, l&#8217;embolisation est r\u00e9alis\u00e9e afin de diminuer les zones d&rsquo;hypervascularisation li\u00e9e \u00e0 l&rsquo;inflammation.<\/p>\r\n\r\n\r\n\r\n<p class=\"has-text-align-justify\">Une fois le traitement r\u00e9alis\u00e9, le mat\u00e9riel est retir\u00e9 et la ponction art\u00e9rielle est referm\u00e9e par syst\u00e8me d\u00e9di\u00e9 ou bien par compression manuelle.<br \/>Le patient doit ensuite rester allong\u00e9 au moins 3h.<\/p>\r\n\r\n\r\n\r\n<h2 class=\"wp-block-heading\">Quelles sont les suites op\u00e9ratoires\u00a0?<\/h2>\r\n\r\n\r\n\r\n<p class=\"has-text-align-justify\">Dans les suites de l&rsquo;intervention, l&rsquo;articulation peut gonfler pendant quelques jours, et d\u00e9gonflera de fa\u00e7on spontan\u00e9e.<br \/>Il est conseiller de ne pas pratiquer de sport pendant les 10 jours suivants l&rsquo;intervention afin de permettre une bonne cicatrisation du point de ponction art\u00e9riel.<br \/>Si vous rencontrez des difficult\u00e9s, n&rsquo;h\u00e9sitez pas \u00e0 contacter votre Radiologue Interventionnel.<\/p>\r\n\r\n\r\n\r\n<p>&nbsp;<\/p>\r\n\r\n\r\n\r\n<p>&nbsp;<\/p>\r\n\r\n\r\n\r\n<p><strong><em>R\u00e9f\u00e9rences Bibliographiques :<\/em><\/strong><\/p>\r\n\r\n\r\n\r\n<p><a href=\"https:\/\/pubmed.ncbi.nlm.nih.gov\/37391071\/\">Embolisation pour douleur persistante apr\u00e8s proth\u00e8se de genou<\/a><br \/><a href=\"https:\/\/pubmed.ncbi.nlm.nih.gov\/37089623\/\">Revue de la litterature sur l&#8217;embolisation d&rsquo;arthrose de genou<\/a><\/p>\r\n\r\n\r\n\r\n<p>&nbsp;<\/p>\r\n\r\n\r\n\r\n<h4 style=\"text-align: center;\"><a href=\"https:\/\/www.doctolib.fr\/radiologue\/paris\/charles-querub\"><strong>Prendre Rendez-vous<\/strong><\/a>\u00a0<\/h4>\r\n","protected":false},"excerpt":{"rendered":"<p>Arthrose de genou, ses traitements mini-invasifs (embolisation de genou , d\u00e9nervation de genou) L&rsquo;arthrose correspond \u00e0 l\u2019usure du cartilage \u00e0 l\u2019interface entre 2 os.Elle peut \u00eatre \u00e0 l\u2019origine de douleur lors de la mobilisation en raison de la mise en contact direct avec l\u2019os, ou encore de part une composante inflammatoire. &nbsp; Le traitement m\u00e9dical &hellip; <a href=\"https:\/\/radiointerventions.com\/index.php\/arthrose\/\" class=\"more-link\">Lire la suite <span class=\"screen-reader-text\">Arthrose de genou<\/span><\/a><\/p>\n","protected":false},"author":1,"featured_media":0,"parent":0,"menu_order":0,"comment_status":"closed","ping_status":"closed","template":"","meta":{"footnotes":""},"aioseo_notices":[],"_links":{"self":[{"href":"https:\/\/radiointerventions.com\/index.php\/wp-json\/wp\/v2\/pages\/99"}],"collection":[{"href":"https:\/\/radiointerventions.com\/index.php\/wp-json\/wp\/v2\/pages"}],"about":[{"href":"https:\/\/radiointerventions.com\/index.php\/wp-json\/wp\/v2\/types\/page"}],"author":[{"embeddable":true,"href":"https:\/\/radiointerventions.com\/index.php\/wp-json\/wp\/v2\/users\/1"}],"replies":[{"embeddable":true,"href":"https:\/\/radiointerventions.com\/index.php\/wp-json\/wp\/v2\/comments?post=99"}],"version-history":[{"count":6,"href":"https:\/\/radiointerventions.com\/index.php\/wp-json\/wp\/v2\/pages\/99\/revisions"}],"predecessor-version":[{"id":1032,"href":"https:\/\/radiointerventions.com\/index.php\/wp-json\/wp\/v2\/pages\/99\/revisions\/1032"}],"wp:attachment":[{"href":"https:\/\/radiointerventions.com\/index.php\/wp-json\/wp\/v2\/media?parent=99"}],"curies":[{"name":"wp","href":"https:\/\/api.w.org\/{rel}","templated":true}]}}